hen 455 is divided by 23?
18
What is the remainder when 8140 is divided by 138?
136
Calculate the remainder when 427 is divided by 72.
67
What is the remainder when 3606 is divided by 84?
78
Calculate the remainder when 77652 is divided by 82.
80
Calculate the remainder when 52 is divided by 28.
24
What is the remainder when 180 is divided by 51?
27
Calculate the remainder when 1823 is divided by 14.
3
Calculate the remainder when 762 is divided by 90.
42
Calculate the remainder when 774 is divided by 34.
26
What is the remainder when 501 is divided by 389?
112
Calculate the remainder when 113 is divided by 107.
6
Calculate the remainder when 336 is divided by 13.
11
Calculate the remainder when 635 is divided by 159.
158
What is the remainder when 1591 is divided by 296?
111
Calculate the remainder when 4046 is divided by 289.
0
Calculate the remainder when 368 is divided by 75.
68
Calculate the remainder when 390 is divided by 370.
20
Calculate the remainder when 87 is divided by 10.
7
What is the remainder when 54 is divided by 45?
9
Calculate the remainder when 3506 is divided by 24.
2
What is the remainder when 1706 is divided by 562?
20
What is the remainder when 193 is divided by 33?
28
What is the remainder when 5805 is divided by 24?
21
Calculate the remainder when 1070 is divided by 51.
50
Calculate the remainder when 636 is divided by 627.
9
What is the remainder when 443 is divided by 78?
53
What is the remainder when 182 is divided by 58?
8
What is the remainder when 647 is divided by 10?
7
Calculate the remainder when 140 is divided by 71.
69
Calculate the remainder when 82 is divided by 18.
10
What is the remainder when 1044 is divided by 334?
42
What is the remainder when 906 is divided by 169?
61
Calculate the remainder when 157 is divided by 83.
74
Calculate the remainder when 68 is divided by 23.
22
Calculate the remainder when 473 is divided by 53.
49
Calculate the remainder when 1578 is divided by 6.
0
Calculate the remainder when 161 is divided by 41.
38
Calculate the remainder when 9689 is divided by 27.
23
Calculate the remainder when 1558 is divided by 15.
13
What is the remainder when 3455 is divided by 1724?
7
What is the remainder when 699 is divided by 37?
33
What is the remainder when 218 is divided by 62?
32
What is the remainder when 703 is divided by 8?
7
Calculate the remainder when 345 is divided by 50.
45
Calculate the remainder when 3858 is divided by 161.
155
What is the remainder when 116 is divided by 43?
30
What is the remainder when 12482 is divided by 73?
72
Calculate the remainder when 397 is divided by 20.
17
Calculate the remainder when 1631 is divided by 34.
33
Calculate the remainder when 165 is divided by 60.
45
What is the remainder when 210 is divided by 1?
0
Calculate the remainder when 68 is divided by 20.
8
Calculate the remainder when 1051 is divided by 81.
79
What is the remainder when 3032 is divided by 41?
39
What is the remainder when 1003 is divided by 196?
23
What is the remainder when 175 is divided by 95?
80
Calculate the remainder when 571 is divided by 562.
9
What is the remainder when 1119 is divided by 22?
19
What is the remainder when 223 is divided by 137?
86
Calculate the remainder when 639 is divided by 34.
27
What is the remainder when 262 is divided by 88?
86
What is the remainder when 12660 is divided by 27?
24
Calculate the remainder when 704 is divided by 141.
140
What is the remainder when 274 is divided by 56?
50
What is the remainder when 128 is divided by 6?
2
What is the remainder when 59 is divided by 22?
15
What is the remainder when 167 is divided by 42?
41
What is the remainder when 501 is divided by 102?
93
Calculate the remainder when 2935 is divided by 13.
10
What is the remainder when 167 is divided by 22?
13
Calculate the remainder when 2976 is divided by 229.
228
What is the remainder when 1495 is divided by 30?
25
Calculate the remainder when 1193 is divided by 56.
17
Calculate the remainder when 2253 is divided by 46.
45
Calculate the remainder when 1411 is divided by 193.
60
What is the remainder when 155 is divided by 51?
2
Calculate the remainder when 167 is divided by 13.
11
What is the remainder when 1277 is divided by 14?
3
What is the remainder when 56 is divided by 4?
0
Calculate the remainder when 19 is divided by 2.
1
What is the remainder when 2562 is divided by 214?
208
Calculate the remainder when 231 is divided by 9.
6
What is the remainder when 252 is divided by 8?
4
Calculate the remainder when 2673 is divided by 37.
9
What is the remainder when 2068 is divided by 15?
13
What is the remainder when 609 is divided by 176?
81
Calculate the remainder when 1575 is divided by 93.
87
Calculate the remainder when 670 is divided by 96.
94
What is the remainder when 38608 is divided by 66?
64
What is the remainder when 8210 is divided by 2733?
11
What is the remainder when 33 is divided by 11?
0
Calculate the remainder when 1284 is divided by 161.
157
What is the remainder when 7078 is divided by 10?
8
What is the remainder when 2370 is divided by 20?
10
What is the remainder when 3086 is divided by 280?
6
Calculate the remainder when 2315 is divided by 329.
12
What is the remainder when 1374 is divided by 81?
78
Calculate the remainder when 19020 is divided by 29.
25
What is the remainder when 207 is divided by 19?
17
Calculate the remainder when 693 is divided by 88.
77
What is the remainder when 60 is divided by 19?
3
What is the remainder when 304 is divided by 102?
100
Calculate the remainder when 52 is divided by 36.
16
Calculate the remainder when 391 is divided by 8.
7
Calculate the remainder when 49 is divided by 13.
10
Calculate the remainder when 10 is divided by 8.
2
What is the remainder when 418 is divided by 99?
22
Calculate the remainder when 112 is divided by 28.
0
Calculate the remainder when 42 is divided by 3.
0
What is the remainder when 132 is divided by 2?
0
Calculate the remainder when 413 is divided by 59.
0
Calculate the remainder when 795 is divided by 71.
14
What is the remainder when 215 is divided by 20?
15
Calculate the remainder when 223 is divided by 58.
49
Calculate the remainder when 545 is divided by 22.
17
Calculate the remainder when 645 is divided by 59.
55
Calculate the remainder when 1250 is divided by 32.
2
What is the remainder when 404 is divided by 198?
8
What is the remainder when 129 is divided by 13?
12
What is the remainder when 273 is divided by 11?
9
What is the remainder when 388 is divided by 99?
91
Calculate the remainder when 135 is divided by 7.
2
Calculate the remainder when 2353 is divided by 49.
1
Calculate the remainder when 1722 is divided by 234.
84
Calculate the remainder when 55 is divided by 54.
1
Calculate the remainder when 50 is divided by 1.
0
Calculate the remainder when 362 is divided by 133.
96
What is the remainder when 8840 is divided by 44?
40
What is the remainder when 391 is divided by 131?
129
Calculate the remainder when 153 is divided by 94.
59
What is the remainder when 771 is divided by 118?
63
What is the remainder when 821 is divided by 92?
85
What is the remainder when 582 is divided by 13?
10
Calculate the remainder when 231 is divided by 48.
39
Calculate the remainder when 149 is divided by 15.
14
What is the remainder when 1241 is divided by 75?
41
What is the remainder when 261 is divided by 53?
49
What is the remainder when 2425 is divided by 363?
247
What is the remainder when 979 is divided by 5?
4
What is the remainder when 413 is divided by 52?
49
Calculate the remainder when 357 is divided by 12.
9
Calculate the remainder when 2039 is divided by 677.
8
What is the remainder when 674 is divided by 75?
74
Calculate the remainder when 253 is divided by 180.
73
Calculate the remainder when 969 is divided by 71.
46
What is the remainder when 186 is divided by 47?
45
Calculate the remainder when 206 is divided by 46.
22
What is the remainder when 2698 is divided by 2695?
3
Calculate the remainder when 486 is divided by 13.
5
What is the remainder when 3684 is divided by 21?
9
What is the remainder when 3165 is divided by 22?
19
What is the remainder when 905 is divided by 293?
26
What is the remainder when 1022 is divided by 114?
110
What is the remainde